(v). What is p(c)?
8
Let j(t) = -t**3 - t**2. Let l(f) = -f + 8. Let p be l(8). Calculate j(p).
0
Let o = 24 - 20. Let f(t) = -3*t - 9*t**2 - 3 + 0*t + 3*t**2 + o*t**2. Let a be 0 - (0 + -1)*-2. Determine f(a).
-5
Let z(p) = p**2 - 9*p - 6. Let b be z(9). Let k(n) = -5*n - 8 + 8 - n**2. What is k(b)?
-6
Suppose -x - 18 = -3*i + 3*x, -3*x = 4*i + 1. Let v be i*1*(5 + -3). Let o(d) = -d - 1. Calculate o(v).
-5
Let n(f) = f - 7. Let m be -1 + 8/4 - -6. What is n(m)?
0
Let r(o) = -2*o**2 - 4. Let f be ((-20)/15)/((-2)/9) - 3. Calculate r(f).
-22
Let r = 2 - 3. Let g be (-7 + r)*(-2)/4. Let s(d) = 6*d**2 + 14*d + 20. Let m(p) = p**2 + 3*p + 4. Let w(v) = -11*m(v) + 2*s(v). Calculate w(g).
-8
Let z = -10 + 6. Let o(x) be the third derivative of x**6/120 + x**5/12 + 5*x**4/24 - x**3/2 - 4*x**2. Calculate o(z).
-7
Let r be 8/14 - (-16)/(-28). Let n(i) be the second derivative of 0*i**2 + r - 3*i + 1/6*i**3. Give n(4).
4
Let f(v) = -v**2 - 7*v + 2. Let c be f(0). Let w(p) = 3*p - 3. Let x(j) be the first derivative of 6*j**2 - 13*j - 1. Let t(l) = 9*w(l) - 2*x(l). What is t(c)?
5
Let x(n) = n**2. Let t(j) = -5*j**2 - j + 1. Let o(p) = -t(p) + x(p). Suppose 3*l - b - 13 = -3*b, b - 5 = 0. Give o(l).
6
Let g(d) be the first derivative of 0*d**2 + 0*d**2 + 0*d + d**2 + d - 4. What is g(1)?
3
Suppose -4*u - 20 = 0, 4*r - u = -0*u + 17. Let d(o) = r*o - 2*o**2 - 4 + o + 3. Let c(b) = 4*b - 17. Let s be c(5). Determine d(s).
-7
Let d(v) = 6*v**2 + 6*v - 6. Let q(s) = 7*s**2 + 6*s - 7. Let w(j) = -6*d(j) + 5*q(j). What is w(-6)?
1
Let g(p) = -p**3 - 2*p**2 + 8*p + 1. Let f(d) = d**2 - d - 1. Let w(q) = -4*f(q) - g(q). Let o be w(3). Let z(v) = 0 - 4 - 2 - v. Calculate z(o).
-6
Suppose 5*k - k + 3*d = -11, -5*k - 5*d = 10. Let b(i) = 3*i**2 + i + 1. Let r be b(-1). Let j(t) = 2 + 5*t**2 - 2 + t**r - t - 1. Calculate j(k).
4
Let c(t) = 3*t + 1. Let x be c(9). Suppose 24 = u + x. Let y(i) = -i**3 - 3*i**2 + 6*i + 1. Give y(u).
-7
Let i(l) be the second derivative of -1/20*l**5 + 0 - 2*l**2 - l - 1/4*l**4 - 1/3*l**3. Let j = 33 + -36. Determine i(j).
2
Let u = -8 - -5. Let b be (-3)/(u/(-1))*-1. Let i(w) = w**2 - 3*w**2 - 2*w + 3*w**2 + 7*w**3 + 1. Determine i(b).
7
Let j = 160 + -165. Let y(w) = -w**2 - 7*w - 1. What is y(j)?
9
Let h(t) = 2 - 2*t + 0*t**2 - 4*t - t**2. Suppose -3*l + 3 = 0, -6*g = -2*g + l + 23. Let r be h(g). Let i(q) = -q. Give i(r).
-2
Let t(p) = p**3 + 7*p**2 - 8*p + 3. Let n be t(-8). Let r(s) = 1 + 3*s - 3*s - 2*s**2 + 2*s**n - 3*s**3. Give r(-1).
0
Let k = 31 - 37. Let n(w) = -3 - w**2 - 5*w**2 - 3 - w**3. What is n(k)?
-6
Let c(t) be the second derivative of -t**3/6 - t**2/2 + 2*t. Let b(s) = -1 + 2 + 1 - s. Let d be b(6). Give c(d).
3
Let p(g) = g + 2. Let f = -18 + 5. Let a = f - -18. Determine p(a).
7
Let f(m) = 13*m**2 + 7. Suppose -6*o = -2*o + 20. Let u(i) = 7*i**2 + 4. Let r(s) = o*u(s) + 3*f(s). Give r(-1).
5
Let v(h) be the first derivative of h**2/2 - 12*h + 3. Let x(t) = -t**2 + 10*t - 4. Let s be x(6). Suppose 2*f - s = -2*f. Determine v(f).
-7
Let s(y) = -2*y**3 + y**2 + y - 1. Suppose 1 = -x + 5. Let b = 5 - x. Determine s(b).
-1
Suppose -b = -2*b - 5. Let t(i) = -i**2 - i + 8. Let z(c) = -c - 1. Let y(v) = -t(v) - 3*z(v). Give y(b).
0
Let a(h) = -4*h - 28. Let s be a(-9). Let m(g) = -g + 12. Give m(s).
4
Suppose -27 = -0*m - 9*m. Let g(u) = 2*u**2 - 3*u - 3. Determine g(m).
6
Let i(u) = 3*u**2 - 12*u - 11. Let k(r) = 8*r**2 - 35*r - 32. Let n(x) = 11*i(x) - 4*k(x). Give n(-6).
-5
Suppose -5 = 5*n - 3*r, -5*n - 2*r + 14 = -3*n. Suppose -3*s = n*s. Let g(m) = s*m + 4 - 6*m + 5*m. Give g(3).
1
Let b(v) be the second derivative of -v**5/20 + 5*v**4/12 + v**3 + v**2/2 + 13*v. Calculate b(6).
1
Let t be 2/2 + 2 - -3. Let f = t + -11. Let q(c) = -c - 4. What is q(f)?
1
Suppose 6*w = 10*w - 28. Let s(f) = f + 1. Determine s(w).
8
Let x(m) be the third derivative of m**7/2520 + m**6/144 + m**5/60 - m**4/8 - 2*m**2. Let y(j) be the second derivative of x(j). Calculate y(-3).
-4
Let a(m) = 2*m - 2. Suppose -7 = 2*w - 1. What is a(w)?
-8
Let a be (32/(-4) - 1) + 4. Let r(s) = -s**2 - 5*s - 4. What is r(a)?
-4
Let l(z) = -z**2 + 4*z - 10. Let b(r) = -1. Let q = 5 + -5. Suppose -2*w + 3*w - 1 = q. Let c(s) = w*l(s) - 4*b(s). What is c(5)?
-11
Let o(w) = -5*w - 2. Let b(q) = -q**2 - q - 2. Suppose -5*r = -3*r. Let m be b(r). Give o(m).
8
Suppose 8 + 2 = 2*d. Let k(s) = 5*s**2 - 10*s. Let l(q) = -9*q**2 + 19*q + 1. Let r(i) = -7*k(i) - 4*l(i). Give r(d).
-9
Let z(h) be the second derivative of h**5/60 + h**3/6 + 2*h. Let q(c) be the second derivative of z(c). Calculate q(-1).
-2
Let l(x) = 2*x - 3*x + x**3 + 4*x + x + 5*x**2 - 1. Give l(-3).
5
Suppose 12 = -5*c + 3*c. Let y(q) = -q**3 - 6*q**2 - q - 5. Determine y(c).
1
Let d(t) be the second derivative of -t**7/2520 + t**6/120 + t**4/2 + t. Let f(z) be the third derivative of d(z). What is f(5)?
5
Let q(u) = -u**3 + 3*u**2 + 4. Let y be q(3). Let l(s) be the first derivative of -1/2*s**2 + 1 - 2*s. Determine l(y).
-6
Let r = 2 + 0. Suppose r*u + 3*f = -u, 0 = u + 5*f + 12. Let i(h) = 1 - h - u + 0*h. Give i(2).
-4
Let c(t) = 2*t**3 + t**2 - t. Let n be c(1). Let o be (-1)/n + 30/(-4). Let k = 6 + o. Let z(j) = -2*j + 1. Calculate z(k).
5
Let f(o) = -o + 13. Let p be f(10). Let a(h) = 8*h - 7*h - p + 2. Calculate a(3).
2
Let n(f) = f**2 - 2*f + 3. Let q(r) = 3*r - 4. Let v(d) = -4*n(d) - 3*q(d). Suppose 0 = -5*i - 0*i + 5. Calculate v(i).
-5
Let x(g) = 4 + 1 - 3 - 1 - 2*g. Let o be x(-4). Let f(h) = -5 - 5*h**2 + h**3 + 6*h - 2*h**3 + o*h**2. Determine f(5).
0
Suppose -28 = -3*d - 10. Let u(j) = -7*j**2 + 18*j - 13. Let z(c) = 10*c**2 - 27*c + 19. Let t(m) = 7*u(m) + 5*z(m). Determine t(d).
-14
Let m(t) = -5*t + 13. Let h(q) = -q + 3. Let d(s) = 9*h(s) - 2*m(s). What is d(5)?
6
Let x(f) be the second derivative of -f**3/6 - 3*f**2/2 - 37*f. Determine x(-4).
1
Let p be (-35)/(-15) + (-4)/(-6). Let i(v) be the third derivative of -1/3*v**3 - 1/12*v**4 + 0 + 0*v - v**2. What is i(p)?
-8
Let u(j) be the second derivative of -j**3/6 + 3*j**2 + 2*j. Let k be u(-6). Suppose -4*w + 4 = -k. Let q(h) = -h + 2. Give q(w).
-2
Let r(c) = 6*c**2 + 9*c + 1. Suppose -5 = o - 0*o + 2*g, 0 = -o + 4*g - 5. Let t(f) = -5*f**2 - 8*f - 1. Let x(m) = o*t(m) - 4*r(m). What is x(-5)?
6
Suppose -14 = a - 3*k, -4*a + 0*k - 3*k = -19. Let n = a - 3. Let w(o) = o**2 + o - 2. Give w(n).
0
Let f be (-2)/(-4 + 0) - 27/6. Let i(g) = g**3 + 6*g**2 + 3*g - 1. Give i(f).
19
Suppose -3*c = 2*c - 10. Let x(n) = n**2 - 2. Let t be x(c). Let v(s) = -s**t + 3*s - 1 + 0*s**2 + s. What is v(5)?
-6
Let g(h) = -h**3 - 5*h**2 - 3*h + 5. Suppose b = -2*b - 21. Suppose 4*k + 5*d + 37 = 0, 0*d = -2*k - 4*d - 26. Let l = b - k. What is g(l)?
1
Let s(v) = 0*v**2 - v**3 + 2 - 2*v - 6*v**2 + 4*v**2. Let w(f) = -f - 8. Let m be w(-6). Calculate s(m).
6
Let p(c) = -c + 3. Let x be 1*(5 - 0) - -3. Calculate p(x).
-5
Let y(l) = 1. Let a(g) = -g**3 - g**2 - g + 9. Let z(b) = -a(b) + 3*y(b). What is z(0)?
-6
Let b(x) = 2*x - 4. Let z be (87/145)/(1/10). Determine b(z).
8
Let k = 8 - 8. Let l(y) = 4 + 5*y**2 + 2*y + y - y**3 + k*y + 3*y. Calculate l(6).
4
Let c(q) be the second derivative of -q**4/6 + 7*q**3/6 - 2*q**2 + q. Determine c(4).
-8
Let q(t) = -2*t - 15. Let x be q(-10). Suppose 0 = -5*f + x*g - 5, 0*f - 2*f = -5*g - 7. Let i(p) = p**2 + 5*p + 1. Determine i(f).
-3
Let o(c) = -c. Suppose 3*f = 7 - 1. What is o(f)?
-2
Let w be (-91)/(-21) + (-2)/(-3). Let q(r) = 4*r**2 + 6*r + 8. Let v(n) = 3*n**2 + 5*n + 7. Let t(c) = w*v(c) - 4*q(c). Give t(3).
-3
Let m(l) = -4 - 4*l**2 + l**2 + 0*l**2 + 4*l**2 + 4*l. Let n be m(-6). Let o = 3 - n. Let v(a) = -a**2 - 7*a - 4. Give v(o).
6
Let s(x) be the first derivative of x**2/2 - 3*x + 2. Let y = 15 - 20. Calculate s(y).
-8
Let l(a) = 1. Let n(o) = o**2 + 2*o + 5. Let d(w) = 5*l(w) - n(w). Suppose 4*i + 4 = 3*i. Determine d(i).
-8
Let c = 14 - 14. Let u(g) = -g**2 + 10. What is u(c)?
10
Let r(i) = i**3 - 5*i**2 - i + 7. Let q(m) = -17*m**2 + m**3 - 2*m**3 + 21*m**2 + 5 + 0*m**3. Let s be q(4). Give r(s).
2
Suppose 5*z + 9 = q - 3*q, 0 = -3*q + 9. Let p(j) be the third derivative of -j**6/120 - j**5/30 + j**4/6 - j**3/6 - 2*j**2. Determine p(z).
-4
Let n(h) = h**2 - 4*h + 3. Suppose 3*b - 3 = 3. 